 -4*i. Give x(i).
7
Let s(k) = 3*k**3 + 10*k**2 + 3*k - 5. Let i(d) = -8*d**3 - 29*d**2 - 8*d + 15. Let a(r) = 4*i(r) + 11*s(r). Give a(6).
11
Suppose 14 - 56 = -2*q + 2*g, -3*q + 73 = -5*g. Let y(l) = -q*l + 39*l - 2 - 22*l. Determine y(3).
1
Let o(z) = z + 3. Let h be o(7). Let w(p) = p - 4 - 4*p - p**3 + 16*p**2 - h*p**2. What is w(5)?
6
Let f(r) = -r**3 + 5*r**2 + 7*r. Suppose 3*c - 12 = c. Let z be (4/10)/(1/30). Let d = z - c. Calculate f(d).
6
Let w be -10*((-44)/8 - -5). Let v(q) = q**2 - 4*q + 4. Let k be v(4). Let r(g) = -k*g + 3*g**2 - 2*g**2 - 7 + 0*g**2. What is r(w)?
-2
Let v(j) = -2*j + 12. Let t(p) = -p**3 - 7*p**2 - 13*p - 8. Let z be t(-5). Give v(z).
-2
Let j = 1771 - 1754. Let t(p) = -p**3 + 16*p**2 + 17*p - 14. What is t(j)?
-14
Suppose 0 = x + 2 - 3. Let u be (2 - (-1)/x) + -4. Let g(f) = -f + 1. Let p(h) = 12*h**2 + 3*h - 4. Let n(w) = -4*g(w) - p(w). Determine n(u).
-13
Let u(m) = 5*m - 1. Let n(s) = s. Let a(x) = 6*x. Let q(z) = -a(z) + 2*n(z). Let p(c) = -4*q(c) - 3*u(c). Calculate p(-4).
-1
Let h = 18 + -12. Let i(s) = 10*s - 4*s - 1 - h*s - s**2 + s. Let g be (-14)/(-18) - (35/45 - 1). Give i(g).
-1
Let k(j) = 2*j**2 - 1. Let u be (1 + -2)/((-8)/40). Let w = -2 + u. Let r be (-1)/w*3 + -1. Determine k(r).
7
Let z(t) = -2*t - 2*t + 3*t + 3. Let u be (3 - 4/8)*(-1 + -1). What is z(u)?
8
Let y = 24 + -15. Suppose 0 = -2*o - 3*o. Let q(l) = l + 1 - 4 + y + o*l. Calculate q(-7).
-1
Let k(s) = -9*s - 12 + 6*s**2 - 3*s**2 - s**2 - 2*s - 3*s**2. Let p be (-2)/6 + 92/(-12). Calculate k(p).
12
Let w(p) be the first derivative of 1/2*p**2 - 1 + 3*p. Let s = 175 + -181. Give w(s).
-3
Let n(s) be the third derivative of s**5/60 - s**4/12 - 7*s**3/6 + 70*s**2. Give n(-3).
8
Let v = -9 + 6. Let k be v*(-2)/8 + 120/(-32). Let n(z) = z - 4. Determine n(k).
-7
Let l(o) be the third derivative of -o**5/30 + 7*o**4/24 - 7*o**3/6 - 221*o**2. Determine l(5).
-22
Let m(j) be the first derivative of j**2/2 - 26*j + 756. Determine m(15).
-11
Suppose -3*x + x + 8 = 0. Let q(j) = -3 - j + 3 - 6 + x. Suppose o - 15 = 6*o. What is q(o)?
1
Let g(c) = -c**2 - 6*c. Let w(y) = -7*y**3 + 4*y**2 - 5*y + 2. Let q be w(1). What is g(q)?
0
Let u(j) = 3. Let w(v) = -2*v - 10. Let s be w(-12). Suppose 5*c + 18 = 4*p - 3*p, 5*p = -c - s. Let x(n) = -n - 11. Let h(m) = p*x(m) - 9*u(m). What is h(-4)?
-13
Let l be (-4 + 0)*-1 + 1. Suppose -5*k - l*t - 80 = -0*t, 4*k + 60 = -2*t. Let g = k + 7. Let y(a) = -a**2 - 9*a - 9. Calculate y(g).
5
Let z be (-49)/(-5) + 1/5. Suppose 3*y - 3*o + 0*o = 21, 4*y - 20 = 2*o. Suppose 0*d - m = y*d - z, 5 = 3*d + 2*m. Let s(a) = -a + 2. Calculate s(d).
-3
Let x(b) = b - 15. Let h be (-3070)/(-16) - 7/(-56). Suppose -h = -11*f - 60. What is x(f)?
-3
Let q(v) = v**3 + 7*v**2 - 7*v + 10. Let r be q(-8). Let d(l) = -l**2 - 3*l + 3. Let g be d(-2). Let w(a) = -4 + 1 - 2*a - 3 + g. Calculate w(r).
-5
Let r = -65 + 66. Let c(v) be the third derivative of v**6/30 + v**5/60 - v**4/24 - 7*v**2. Determine c(r).
4
Let n(c) = 3*c**2 + 3*c - 19. Let t(f) = f**2 - 5*f - 2. Let s(y) = n(y) - 4*t(y). Calculate s(23).
-11
Let a(t) = -t + 5. Let z(o) = 5*o - 21. Suppose -4*b + 16 = 2*y, -4*b = -3*y + 4*y - 16. Let x(h) = b*z(h) + 18*a(h). Determine x(8).
22
Let j(p) = 15*p**2. Let a(h) = h - 16. Let w(s) = -s + 1. Let d(o) = a(o) + 3*w(o). Let x be d(-6). Calculate j(x).
15
Suppose -t - 3*o = -2, -2*t + 19 = o + 5. Let f(a) = -t + 11 + 3 - a. What is f(6)?
0
Let h(j) = -19*j + 4. Let q(v) = 3*v - 1. Let w(m) = h(m) + 6*q(m). Determine w(5).
-7
Let n(r) be the third derivative of -r**5/60 - r**4/3 - 5*r**3/6 - 2*r**2. Let i be 1518/(-330) + 2/(-5). Determine n(i).
10
Let c(s) = 2*s - 26. Let h be (-36)/(-21)*21/2. What is c(h)?
10
Let i be (-4)/1*(-2)/(-4). Let a be (-36)/(-10) - i/5. Let o(d) be the third derivative of -d**5/60 + d**4/8 + 2*d**3/3 + 18*d**2. Calculate o(a).
0
Let j(k) = 3*k**2 - 20*k + 16. Let u be j(6). Let q(r) = r + 2*r - 2*r - 3. Determine q(u).
1
Let s be 3/(9/(-2))*-3. Let c be (-5 - (s - 4)) + -3. Let g(b) = 3*b**2 + 7*b + 6. Let l(n) = -2*n**2 - 6*n - 5. Let a(t) = c*l(t) - 5*g(t). Calculate a(1).
-2
Let p(h) = h**3 + 6*h**2 - 6*h + 7. Let y = 763 + -770. Calculate p(y).
0
Let q = -5 + 4. Let a(d) = -63*d - 65*d - 52*d + 172*d. What is a(q)?
8
Let k(q) = q**3 - 8*q**2 + 8*q - 8. Let s(f) = -3*f + 6. Let d be s(-10). Suppose -2*p + d = -10. Let x = p - 16. What is k(x)?
-1
Let l(c) = 2*c**3 - 3*c**2. Suppose -4*u - 7 = 4*o - 35, -2*o + 12 = u. Give l(u).
4
Let g = -2 + -4. Let j(k) = k**2 - 4*k + 5. Let q(s) = -3*s**2 + 7*s - 10. Let p(l) = 5*j(l) + 2*q(l). Give p(g).
5
Let p(h) = -2*h - 12. Suppose -5*n + 63 - 5 = 4*l, -5*n - 5*l = -60. Let z be 15/5 - (n - -2). Let v be p(z). Let c(u) = u - 11. Calculate c(v).
-5
Let c(j) = -13*j**3 - 3*j**2 + 55*j + 17. Let s(v) = -7*v**3 - v**2 + 29*v + 8. Let l(f) = 6*c(f) - 11*s(f). What is l(-8)?
-10
Let b(v) = -5*v + 6. Let d(z) = 9*z - 11. Let q(s) = 5*b(s) + 3*d(s). Calculate q(-8).
-19
Let j(k) be the second derivative of -k**4/4 - k**3/3 + k**2/2 - 20*k + 5. Calculate j(4).
-55
Suppose 2*s + 13 = 4*i - 9, 0 = i - 2*s - 13. Let y(b) = i - 3 - 7 + b. Determine y(0).
-7
Suppose 0 = 2*m + 2*m - 60. Let f = -19 + m. Let z(g) = g**2 + 4. What is z(f)?
20
Let y(v) = -v**3 + 4*v**2 + 8*v - 6. Suppose 0 = -57*m + 33*m + 120. What is y(m)?
9
Suppose -o = 5*r - 21, -5*o + 2*r + 10 = 13. Let y(m) = 27*m**2 + m - 1. Calculate y(o).
27
Let i(u) = -u**3 - 7*u**2 + 20*u + 13. Let t be i(-9). Let s(q) = 6*q - 6. Give s(t).
-36
Suppose 0 = -4*y - 4*n - 18 + 6, -10 = 2*n. Let q(i) = 2*i + 1. Give q(y).
5
Let a(n) be the third derivative of n**4/12 + n**3/2 - n**2. Suppose 0 = -0*g - 3*g - 3*t - 12, -g = 4*t + 10. Give a(g).
-1
Let p(w) = -6*w**2 - w - 1. Suppose -36*r - 25 = -11*r. Give p(r).
-6
Let c(z) = -9*z - 1. Let o(g) = 6*g + 2. Let h(w) = 5*c(w) + 6*o(w). Give h(5).
-38
Let h(j) be the second derivative of -j**4/12 - j**3/6 + 9*j**2 + 7*j. Suppose -2*z = -3*z - 2*z. What is h(z)?
18
Let r(x) be the first derivative of -x**3/6 - x**2/2 + 3*x - 2. Let m(v) be the first derivative of r(v). Let f(j) = -9*j + 153. Let p be f(17). Determine m(p).
-1
Let o(z) be the second derivative of -z**5/20 - z**4/12 - z**2/2 - 45*z + 4. Give o(0).
-1
Let n(l) be the first derivative of -4*l + 0*l - 3 + 2*l**2 + 5*l. Suppose 0 = y + 2*v + 3, -1 = -2*v - 3. Give n(y).
-3
Let j(x) be the second derivative of x**3/6 - 21*x**2/2 + x + 14. Determine j(16).
-5
Let b = 406 + -410. Let z(q) = 3*q + 9. Give z(b).
-3
Let t(r) be the third derivative of -r**5/30 + 2*r**3/3 + 53*r**2. Let h = 2 + -5. What is t(h)?
-14
Let g(d) = -d. Suppose 94 = -5*l + 114. What is g(l)?
-4
Let r(y) be the first derivative of 3*y**2/2 - 3*y + 174. Give r(-1).
-6
Let g(q) = 33*q - 8*q**2 - 19*q - q**3 + 1 + 2*q + 0*q**3 - 5*q. Give g(-9).
-17
Let g(b) be the second derivative of 0*b**3 + 0*b**2 + 1/720*b**6 - 1/3*b**4 + 0 - 11*b + 1/120*b**5. Let h(t) be the third derivative of g(t). What is h(-2)?
-1
Let a(s) = -s - 1. Let u(k) = -15*k + 2. Let g(y) = -a(y) - u(y). Determine g(-1).
-17
Let p(f) = -165*f + 326*f - 164*f + 7. Let v(k) = -k**3 + 4*k**2 + k + 1. Let m be v(4). Give p(m).
-8
Suppose -33 = -q - 3*p, 2*q - 4*p = -0*q + 66. Let n = 28 - q. Let w(s) = 5 + 2 + s - 5*s - s**2. Calculate w(n).
2
Suppose -5*x - 15 = 0, 33 = -16*d + 11*d - x. Let a(v) = -v**3 - 5*v**2 + 10*v + 8. What is a(d)?
-16
Let b(x) = x**2 + 9*x - 1. Suppose 112 = -20*d - 68. Calculate b(d).
-1
Let a(m) = -m**2 + 4*m + 5. Suppose 8*w = 24 + 8. Give a(w).
5
Suppose 3*u = 5*q - 10, -q + 3*u + 12 = 2*q. Let z(h) = 3*h + 1. Let m(x) = -2*x - 1. Let w = 25 - 32. Let c(r) = w*m(r) - 6*z(r). What is c(q)?
5
Let c(f) = f - 2. Suppose 0 = p - 2*r - 12, -16 - 1 = -p - 3*r. Suppose -2*n = 4*k - 20, 2*k - 3*k + 4*n + p = 0. Give c(k).
4
Let x(b) = b**3 - 8*b**2 - 2*b + 11. Suppose 0 = 4*q + q. Suppose q*o = o - 4. Let n be (4/(-6))/(o/(-48)). Give x(n).
-5
Let w(h) = 3*h + 2. Let i = -8 - -2. Let f(y) = -9*y. Let m(z) = 50*z - 3. Let u(b) = -6*f(b) - m(b). Let c(k) = i*w(k) + 5*u(k). Calculate c(-4).
-5
Let y(i) be the third derivative of i**5/60 - i**4/8 - 7*i**3/6 - 2*i**2. Let w(n) = 8*n - 1. Let x be w(-1). Let g = -4 - x. What is y(g)?
3
Suppose 70 - 6 = 8*h